d 19493.
101
What is the greatest common factor of 37 and 16993?
1
What is the highest common divisor of 183 and 534?
3
Calculate the greatest common factor of 442741 and 52.
13
Calculate the greatest common factor of 1976 and 646.
38
What is the highest common factor of 118 and 94813?
59
What is the highest common factor of 3347286 and 113?
113
Calculate the greatest common divisor of 300 and 121580.
20
What is the greatest common divisor of 470 and 8977?
47
Calculate the greatest common divisor of 8251 and 20070.
223
Calculate the highest common divisor of 2 and 14769.
1
Calculate the highest common divisor of 9234 and 28386.
342
What is the highest common factor of 93599 and 11?
11
Calculate the greatest common divisor of 10 and 33850.
10
Calculate the highest common factor of 578585 and 1281.
427
Calculate the greatest common divisor of 1581 and 59313.
51
Calculate the highest common factor of 405 and 915.
15
What is the greatest common divisor of 759004 and 465?
31
What is the highest common divisor of 2 and 2017?
1
Calculate the highest common divisor of 262245 and 60.
15
Calculate the highest common divisor of 9 and 12519.
9
What is the greatest common divisor of 726 and 127171?
121
Calculate the highest common factor of 210784 and 896.
224
Calculate the highest common divisor of 229 and 3532783.
229
Calculate the highest common factor of 54 and 64632.
6
Calculate the highest common divisor of 486 and 13311.
27
Calculate the highest common divisor of 8151 and 95.
19
Calculate the highest common divisor of 2419 and 8323.
41
What is the highest common factor of 1575 and 315875?
175
What is the greatest common factor of 1070055 and 1975?
395
Calculate the highest common factor of 1320 and 16610.
110
Calculate the greatest common divisor of 50 and 1823275.
25
What is the highest common divisor of 1384 and 856?
8
What is the greatest common factor of 7116 and 7008?
12
Calculate the highest common divisor of 96 and 12944.
16
Calculate the greatest common factor of 227416 and 18104.
248
Calculate the highest common divisor of 58 and 5816501.
29
Calculate the highest common divisor of 8836 and 176438.
94
What is the greatest common divisor of 180 and 12438?
18
What is the highest common factor of 15041 and 1424?
89
What is the highest common divisor of 446 and 7082926?
446
What is the greatest common factor of 65 and 4667?
13
Calculate the greatest common divisor of 7 and 552587.
7
Calculate the greatest common factor of 50 and 2785550.
50
What is the highest common factor of 753833 and 43?
43
What is the greatest common divisor of 1408718 and 466?
466
What is the greatest common factor of 8 and 162944?
8
What is the greatest common divisor of 22188 and 36636?
516
Calculate the greatest common divisor of 5513 and 1073.
37
What is the highest common factor of 37287 and 81479?
1381
What is the highest common factor of 78 and 2903134?
26
Calculate the highest common divisor of 95 and 5006215.
95
What is the highest common factor of 82 and 19639?
41
What is the greatest common factor of 1444 and 817?
19
Calculate the greatest common factor of 12456036 and 153.
153
Calculate the highest common factor of 507 and 31551.
39
What is the greatest common divisor of 2617165 and 5?
5
Calculate the highest common factor of 1585 and 49452.
317
Calculate the highest common divisor of 61314 and 66.
66
Calculate the highest common divisor of 155 and 2845.
5
Calculate the highest common divisor of 3797304 and 196.
196
What is the greatest common divisor of 9422 and 854?
14
Calculate the highest common factor of 1546035 and 15.
15
What is the greatest common factor of 72 and 81981?
9
What is the highest common factor of 4849 and 143?
13
What is the highest common factor of 14464 and 7006?
226
Calculate the greatest common divisor of 3157 and 2541.
77
Calculate the greatest common factor of 76350 and 600.
150
What is the greatest common divisor of 173248 and 40?
8
What is the highest common divisor of 300 and 9708?
12
Calculate the highest common divisor of 412181 and 154.
77
Calculate the greatest common factor of 12749 and 418.
209
Calculate the highest common divisor of 3568 and 56.
8
Calculate the highest common divisor of 86 and 3486913.
43
Calculate the greatest common factor of 1815 and 332985.
15
Calculate the greatest common divisor of 1449546 and 28.
14
Calculate the greatest common divisor of 1107 and 397413.
1107
Calculate the highest common divisor of 217854 and 364.
182
Calculate the greatest common divisor of 30 and 2270.
10
What is the highest common factor of 2088 and 3972?
12
What is the highest common factor of 13751961 and 321?
321
Calculate the highest common factor of 119255 and 23.
23
What is the highest common factor of 424 and 5565?
53
What is the highest common factor of 216 and 1880964?
36
What is the highest common divisor of 346328 and 8?
8
What is the highest common factor of 36 and 45234?
18
What is the highest common factor of 323 and 123148?
17
Calculate the highest common divisor of 161904 and 1200.
48
What is the greatest common divisor of 7126950 and 150?
150
Calculate the highest common factor of 4172 and 2590.
14
What is the highest common factor of 14627712 and 11?
11
Calculate the highest common factor of 311 and 201528.
311
What is the greatest common divisor of 18 and 9141435?
9
Calculate the highest common divisor of 84175 and 104195.
455
What is the highest common divisor of 39 and 217191?
39
What is the greatest common divisor of 108 and 47358?
54
Calculate the greatest common factor of 5146 and 806.
62
Calculate the highest common divisor of 162 and 52083.
81
Calculate the greatest common factor of 369 and 223506.
9
What is the highest common divisor of 5499 and 1034?
47
Calculate the greatest common factor of 1161671 and 28.
7
What is the greatest common factor of 67390 and 290?
10
What is the highest common divisor of 195898 and 410?
82
Calculate the highest common factor of 16905 and 485737.
1127
What is the highest common divisor of 1424 and 11824?
16
What is the highest common divisor of 177441 and 209?
209
What is the greatest common factor of 760 and 680105?
95
Calculate the highest common factor of 51 and 50354.
17
What is the greatest common factor of 49 and 1386896?
49
What is the greatest common factor of 11 and 764203?
11
What is the highest common factor of 2740 and 540?
20
What is the greatest common factor of 1199 and 55?
11
What is the highest common divisor of 2118346 and 184?
46
Calculate the highest common factor of 2850 and 330.
30
What is the greatest common factor of 108 and 334?
2
Calculate the highest common divisor of 224 and 5094768.
112
What is the greatest common divisor of 3345 and 116183?
223
What is the greatest common divisor of 13 and 5801003?
13
What is the greatest common factor of 96 and 11856?
48
Calculate the greatest common divisor of 18 and 457038.
18
Calculate the greatest common factor of 1379 and 35.
7
Calculate the greatest common divisor of 62796 and 12.
12
Calculate the highest common factor of 6351939 and 99.
99
What is the greatest common factor of 210 and 21030?
30
What is the greatest common factor of 2322 and 18774?
18
Calculate the greatest common divisor of 168 and 49236.
12
What is the highest common factor of 224 and 257516?
28
What is the greatest common factor of 896 and 6230?
14
Calculate the greatest common divisor of 11666 and 54953.
307
What is the greatest common factor of 1001 and 36218?
91
Calculate the highest common divisor of 485513 and 1204.
301
What is the highest common divisor of 17 and 729929?
17
Calculate the greatest common divisor of 162 and 1878.
6
What is the greatest common divisor of 175 and 515075?
25
Calculate the highest common factor of 22 and 1104466.
22
Calculate the highest common factor of 484 and 564586.
242
Calculate the greatest common factor of 45339 and 1071.
357
What is the greatest common divisor of 14 and 55785?
1
Calculate the greatest common factor of 306636 and 8.
4
What is the highest common factor of 56960 and 3200?
640
Calculate the highest common divisor of 4747 and 18424.
47
Calculate the highest common factor of 259 and 175787.
37
Calculate the highest common divisor of 1273 and 8512.
19
Calculate the greatest co